
Let c(u) = 3*u**3 - 3*u**2 - 2*u - 3. Let f = -16 - -19. What is the tens digit of c(f)?
4
Let p(u) = 2*u**3 + 10*u**2 - 4*u - 18. What is the tens digit of p(5)?
6
Let t = 767 - 378. What is the tens digit of t?
8
Suppose 5*i - 234 - 866 = 0. Suppose 5*q = 4*p - 176, 0*p + i = 5*p - 3*q. What is the tens digit of p?
4
Let w(y) = -y**3 + 13*y**2 - 12*y + 3. Let c = 22 + -10. Let n be w(c). Suppose i + 13 = -i - 5*p, 3*i = -2*p - n. What is the units digit of i?
1
Suppose -3*t + 48 = 3*v, 5*t = 4*v + v + 130. Let h = t - -34. What is the tens digit of (-744)/(-22) + 10/h?
3
Suppose 1070 + 1128 = 7*m. What is the tens digit of m?
1
Suppose 0 = 4*d - z - 19 - 3, 0 = 2*d - 3*z - 16. Suppose -794 = -3*y - 146. Suppose -y + 56 = -d*g. What is the units digit of g?
2
Suppose -2*r - 3*z = -146, 0 = 3*r - 6*r - 3*z + 219. What is the units digit of r?
3
Let m = -971 - -2088. What is the thousands digit of m?
1
Let v be 4/(-3) + 395/15. Suppose -l + 41 - 4 = -3*g, -l - 3*g + v = 0. What is the units digit of l?
1
Let a = 19 + -16. Suppose -a*y - 2*m + 2 = 0, -y = 2*m - m + 1. What is the units digit of -19*(y + -9 + 4)?
9
What is the tens digit of -5 + 5 + (62 - -4)?
6
Let y = -4 - -7. Let r(n) = 29*n + 14. What is the units digit of r(y)?
1
Let i(l) = -l**2 + 7*l + 4. Let v be i(8). Let o be v - 0*1/4. Let d = o - -16. What is the units digit of d?
2
Suppose 2*w + 3*w + 3*k = 2811, -3*k = -6. What is the tens digit of w?
6
Let h(d) = -2*d**2 - 13*d - 11. Let j be h(-10). Let t = 123 + j. What is the units digit of t?
2
Let m be 178/12 - 1/(-6). Suppose -2*j - 3*j = -4*o + m, 5*o = -2*j + 27. Suppose 4*s + 5*x - 54 = 2*s, o*s = -x + 181. What is the units digit of s?
7
Let a(x) = -5*x**2 + 32*x + 12. Let b(h) = h**2 - 8*h - 3. Let c be 2/(-5) + (-24)/(-10). Let n(z) = c*a(z) + 9*b(z). What is the units digit of n(-6)?
9
Suppose 4*f - 5*r = -2*r - 12, -r + 4 = 0. Suppose f = n - 26 - 48. What is the tens digit of n?
7
Let c = -6 + 7. Let w be 0 + (4 - 1)*c. Suppose s = -w*s + 40. What is the units digit of s?
0
Let i = -1184 + 2126. What is the units digit of i?
2
Suppose 9*p = 12830 - 3470. What is the hundreds digit of p?
0
Let s be (-2)/8 + 216/(-32). Let l(u) be the first derivative of -u**2/2 + 8*u + 5. What is the units digit of l(s)?
5
Let h be -1*1 + (-3 - 28). Let r = 17 + h. What is the units digit of (-6)/(-15) + (-399)/r?
7
Let t(h) = h**2 + 4*h + 6. Let n be t(-4). Suppose 0 = n*g - 2*g - 24. What is the units digit of -2*3/g*-3?
3
Let k = -703 - -1380. What is the hundreds digit of k?
6
Suppose 3*b = -b + 5*s - 27, 5*s = -5. Let c be (34/3)/(b/12). Let p(g) = -3*g + 16. What is the tens digit of p(c)?
6
Suppose 3*t + 80 = -2*n - 57, 5*n + 315 = -2*t. Suppose 3*l - j - 519 = -l, -3*l + 375 = 4*j. Let g = n + l. What is the tens digit of g?
6
Suppose 0 = 9*z - z - 64. Suppose -4*i - 53 = -5*q - 17, -q - z = 3*i. What is the units digit of q?
4
Let h = -11 + 4. Let a(s) be the second derivative of s**4/12 + 2*s**3/3 + 8*s**2 - 34*s. What is the units digit of a(h)?
7
Let t(o) = -52*o - 20. What is the hundreds digit of t(-13)?
6
Let a = 35 - 39. Let n = a - -13. What is the units digit of n?
9
Let d(j) = 2*j + 433. What is the units digit of d(-15)?
3
Suppose 2*d - 6 = 0, b = 3*b + 4*d - 14. Let r be ((24 - 0)/(-4))/b. Let c = r + 39. What is the units digit of c?
3
Suppose i = -5*k + 221, -4*i - 4*k = -345 - 539. Let v = 326 - i. What is the units digit of v?
5
Suppose 5*d + 6 = 6. Suppose -z + 4*p + 67 = d, 0*p = -3*z - p + 175. What is the units digit of z?
9
Let r be (0 + -15)*(-44)/(-10). What is the units digit of r/(-4) - (-2)/(-4)?
6
Let m(b) = -3*b**2 - 10*b - 17. Let u be m(-7). Let g = 145 + u. What is the tens digit of g?
5
Suppose 0 = t - 1327 - 520. What is the units digit of t?
7
Let r be 4/(-18) + (-222)/(-27). Let n = -8 + r. Suppose n = -5*m + m + 32. What is the units digit of m?
8
Let n(z) = z - 5. Let b be (6 + -7)/((-2)/8). Let u be n(b). What is the units digit of (u + 95)/(-2)*-1?
7
Let i be (-5 - -1)*1 + 6. Suppose 4*d = i*d + 4*c + 108, d + 2*c = 74. What is the units digit of d?
4
Suppose -6495 - 49737 = -66*q. What is the tens digit of q?
5
Let o = 7748 - 4812. What is the thousands digit of o?
2
Let m(b) = -2*b**3 - 5*b**2 - 9*b + 33. Let n be (-10)/(-6)*-4 - (-4)/6. What is the hundreds digit of m(n)?
3
Let n = 4464 - 2602. What is the tens digit of n?
6
Suppose 9 = 5*y - 6. Suppose -4*p + y*p + 11 = 4*z, 9 = -3*z. What is the tens digit of p?
2
Let b = -327 + 1772. What is the hundreds digit of b?
4
Let o = 1480 + -847. What is the units digit of o?
3
Let n(j) = -2*j**2 + 36*j + 4. Let a be n(18). Let q(z) = 10*z**2 - 14*z + 18. What is the hundreds digit of q(a)?
1
Let c(j) = 2*j**2 + 85*j - 226. Let k be c(-45). Let r(m) = -4 + 0 + 57*m**2 - m + 2. What is the tens digit of r(k)?
5
Suppose n - 5 = 0, -2*w + 5*w - 7 = -2*n. What is the tens digit of 19/(w*(3 - 4))?
1
Let n(h) = h**2 + 3*h - 2. Let m be n(4). Suppose 4*l - 15 = -4*g + l, -g + 2*l + 1 = 0. Suppose g = 4*a - 3*a, 2*u - 2*a = m. What is the units digit of u?
6
Let s(v) = v + 17. Let p be s(-7). What is the units digit of (p + -9)/((-2)/4*-1)?
2
What is the tens digit of 3*(1868/14 + (-18)/189)?
0
Let f(z) be the first derivative of z**4/4 - z**2 + 21*z - 7. Let n be f(0). What is the tens digit of n - 0/2*1?
2
Let p(k) be the third derivative of k**6/120 + k**4/24 + 4*k**3/3 + 421*k**2. Suppose -4*v = -0*v. What is the units digit of p(v)?
8
Let a(w) = 35*w**2 + 5*w + 7. Let s(y) = -17*y**2 - 2*y - 3. Let g(t) = -2*a(t) - 5*s(t). Let n be g(-2). Suppose 5*i = 4 + n. What is the tens digit of i?
1
Let d(p) = 2*p**3 + p**2. Let n be d(-2). Let j = n - -12. Suppose -4*m + 255 = 3*q, j = 3*m + m - 4*q - 276. What is the units digit of m?
6
Suppose 2*j = 4*k - 1290, 784 = 4*k + 5*j - 513. Suppose -u - 4*b = -k, 2*b - 6*b + 969 = 3*u. What is the hundreds digit of u?
3
Let m = -6 - -20. Suppose k - 5*u = -0*u + 28, 2*u - m = -k. What is the tens digit of k?
1
Let t be -4 + 3 - (-12)/3. Suppose -7*b + t*b = -180. Suppose -g - b = -2*g. What is the tens digit of g?
4
Let c(m) = m**2 + 14*m + 4. Let h be c(-14). Suppose -3*i - 63 = 4*k - 699, 0 = h*i - 16. What is the units digit of k?
6
Let z(c) = -138*c + 315. What is the units digit of z(-6)?
3
Let r(z) = z**2 - 4*z + 6. Let i be 0/3 + (-18)/6. Let k(u) = -3*u + 5. Let m(a) = i*k(a) + 2*r(a). What is the units digit of m(-5)?
2
Let r be (-9)/(-24) + 74/16. Suppose 0 = 10*v - r*v - 410. What is the tens digit of v?
8
Suppose 17*g = 4*m + 13*g - 8716, -m + 2169 = -3*g. What is the hundreds digit of m?
1
Let i(a) = 56*a**2 - 5*a + 5. What is the tens digit of i(4)?
8
Suppose -5*s - 5*y + 45 = 0, 0*s - 2*y = -s. Let a(h) = 60*h**3 - 15 + 2*h - 61*h**3 + 4*h + 7*h**2. What is the units digit of a(s)?
7
Suppose n + 8*n + 1035 = 0. What is the units digit of (-3)/(((-15)/n)/(-3 - -2))?
3
Let w = 95 - 55. Let b be ((-42)/(-35))/((-3)/w). Let x = -1 - b. What is the units digit of x?
5
Suppose -6*u - 3744 = -2*j - 9*u, 0 = 2*u. What is the tens digit of j?
7
Let w = -181 + 247. What is the units digit of w?
6
What is the hundreds digit of (-18755)/(-35) - (-16)/112?
5
Let b = -5 - -8. Suppose b*p + 4*a - 8 = 0, 4 = 5*p + 2*a - 0. Suppose p = -l + 6*l - 130. What is the units digit of l?
6
What is the thousands digit of (3294/(-10))/((-34)/170)?
1
What is the units digit of (-3)/((-216)/210616) - 2/9?
5
Suppose -25*k = 65 - 40. Let h(v) be the second derivative of v**4/2 - v. What is the units digit of h(k)?
6
Let d = 266 - 179. Suppose -3*s - d = -2*q, -4*s = -2*q + 5*q - 122. What is the units digit of q?
2
Let n(b) = -b**2 + 5*b - 1. Let c be n(5). Let p be 1 - -2 - (2 + c). Suppose m = 10 - p. What is the units digit of m?
8
Suppose -3*n = -0*a - 3*a + 774, -2*a = -3*n - 771. Let s = 388 + n. What is the units digit of s?
3
Suppose -8 = 22*a - 26*a. Suppose 0 = -0*y + a*y - 2*q - 90, 3*y - q = 145. What is the units digit of y?
0
Suppose -5*f = -3*p + 50, 22 = 2*f - 3*f + 3*p. Let b = 10 + f. What is the units digit of (b/(-1))/((-12)/16)?
4
Let v be 32/(-3)*12/(-8). Suppose v*n = 19*n - 15. Suppose -3*y + 0*y - 142 = -n*s, 2*y - 60 = -2*s. What is the tens digit of s?
2
Suppose 123 = 2*u - 393. Suppose 4